07/12?
7
Suppose 15*o = -o - 7*o + 20424. Calculate the remainder when o is divided by 148.
0
Let y(f) = 8*f**2 - 105*f + 341. Suppose 4*i - 149 = -3*c + 186, 3*c = -i + 77. Let g = -58 + i. Calculate the remainder when g is divided by y(5).
12
Suppose -3*h = 2*r - 62, 243*r - 238*r - 113 = 3*h. What is the remainder when 4747 is divided by r?
22
Suppose 39*a - 42*a - 15 = 0. Let u = a - 5. What is the remainder when 316/10 + (-4)/u is divided by 17?
15
Let a = -381 + 386. Suppose a*s + 5*o - 91 = 89, -3*o = -3*s + 78. What is the remainder when 212 is divided by s?
26
Let v(l) = 3*l**2 + 10*l - 5. Let x(t) = 4 - 30*t + 13 - 10*t**2 + 1 - 4. Let p(s) = -7*v(s) - 2*x(s). Calculate the remainder when 90 is divided by p(-8).
21
Let i be 2 + -2 - (1 - (3 - 2)). Suppose 8*h - 11*h + 9 = i. Suppose 0 = -h*p - 0*p - 3*b + 51, 3*b - 30 = -2*p. What is the remainder when 40 is divided by p?
19
Let u(z) = -z**2 + 2*z + 1. Let p be u(0). What is the remainder when 1928/32 + (p - (-15)/(-12)) is divided by 19?
3
Let j be 12*(-6 + 5)*(-1)/3. Let l(w) = -5*w + 10. Let t be l(j). Calculate the remainder when 44 is divided by (-18 + -2)*6/t.
8
Suppose 3*q - 4*n - 128 - 15 = 0, 2*q + n = 110. What is the remainder when 111 is divided by q?
5
Suppose -q = -2*i + 446 + 311, -3*i + 2*q + 1137 = 0. What is the remainder when i is divided by 53?
6
Suppose -12*c - 20 = -14*c - 4*n, 4*c - 2*n = 10. Suppose 292 + c = 8*p. What is the remainder when 73 is divided by p?
36
Let n be -156 + (2 - 2 - (-42)/(11 - 4)). Let t(i) = 7*i**2 - 8*i - 6. Let u be t(-6). Let g = u + n. What is the remainder when g is divided by 21?
18
Let c = -73 - -148. Let h = c + -73. Suppose 5*f = 7*s - h*s - 160, -38 = -s - 2*f. What is the remainder when 100 is divided by s?
32
Suppose -7*b - 75893 = -76740. Calculate the remainder when 1691 is divided by b.
118
Suppose 9800 - 6796 = 4*u. Calculate the remainder when u is divided by 22.
3
Suppose -4512*g + 4510*g - 108 + 620 = 0. Calculate the remainder when g is divided by 47.
21
What is the remainder when 28*10*(-15)/(-30) is divided by 61?
18
Suppose 5*s + l - 1266 - 1106 = 0, 2*s + 3*l - 941 = 0. Calculate the remainder when s is divided by 461.
14
Suppose y - 2*x - 10 = 0, -3*y - 5*x - 2 = 1. Let n be 1 - (6/9)/(14/13881). What is the remainder when (16/(-10) - -2)/((-11)/n) is divided by y?
0
Let y(a) = -5*a**3 - 8*a**2 - 8*a - 72. What is the remainder when y(-5) is divided by 383?
10
Suppose -52*b + 6*b + 13662 = -23*b. What is the remainder when b is divided by 189?
27
Calculate the remainder when (-69 + 63 - (-27)/5)*-1205 is divided by 714.
9
What is the remainder when (-2 - 0)*(-265467)/214 is divided by 113?
108
What is the remainder when 733 is divided by 0 + 364 - (-1790)/(-358)?
15
Let p be 555/18 + -1 + (-1)/(-6). Let l be ((-15)/25)/((-2)/10). Suppose t = -l*y + 10 - 0, 2*y - 4*t = p. What is the remainder when 6 is divided by y?
1
Let l = 27 + -14. Let k(j) = -3*j**2 - 23 + 50 + 4*j**2 + 48. What is the remainder when k(0) is divided by l?
10
Suppose -12 = -9*u + 5*u. Suppose 4*k + 2*x - 94 = 0, -5*k - u*x + 52 + 68 = 0. Calculate the remainder when 37 is divided by k.
16
Suppose -38 - 67 = -15*h. Suppose 13*i = 12*i + h. What is the remainder when i is divided by 3?
1
Let c be (2/6)/((-4)/(-48)). Calculate the remainder when 5200/70 - c*2/28 is divided by 21.
11
Suppose -21 = -3*w - 3*b, 3*b - 4*b - 7 = -w. Let y = 81 - 36. Calculate the remainder when y is divided by w.
3
Let y(x) = 95 - 3*x**3 - 23*x + 4*x**3 - 11*x**2 - 32 + 17*x - 24*x. Calculate the remainder when 51 is divided by y(13).
7
Suppose -4*v = 4*m - 3888, 0 = -v + 5*v + 4. Calculate the remainder when m is divided by 166.
143
Suppose 6*l - 1723 = -20*l + 2723. What is the remainder when 604 is divided by l?
91
Let h(m) = m**3 - 27*m**2 + 58*m + 38. Let y be h(25). Suppose -246*p = -y*p - 296. Calculate the remainder when 38 is divided by p.
1
Calculate the remainder when 900 is divided by 0 - (0 + -110) - (125 + -129).
102
Suppose -4*q - 1254 = -2*i - q, -1926 = -3*i - 3*q. What is the remainder when i is divided by 186?
78
Suppose 0 = m + 4*z - 3*z - 52, -5*m + 5*z = -250. Let w be -3*(8/(-6) - -3). Let g = m + w. Calculate the remainder when g is divided by 6.
4
Suppose 0 = 3*w - m - 5085, -7*w - 5*m - 3364 = -9*w. Calculate the remainder when w is divided by 337.
12
Let h(c) = -4 + 25*c - 5 + 29*c + 47*c - 14*c. Calculate the remainder when h(1) is divided by 17.
10
Suppose 9 - 114 = -19*d + 2859. Calculate the remainder when 1394 is divided by d.
146
What is the remainder when 119 is divided by ((29568/(-440))/(3/10))/(-2)?
7
Suppose 5*b - 3 = 12. Suppose -91*s + 95*s = 112. Let n = s + b. What is the remainder when n is divided by 12?
7
Suppose -51*y + 597 = -48*y. Let z = -183 + y. What is the remainder when z is divided by 1?
0
Suppose -60 = -277*c + 271*c. Suppose -2*l + c*l - 1672 = 0. What is the remainder when l is divided by 53?
50
Let y be 1/((18/(-12))/((-6)/1)). Suppose 307 - 95 = y*p. Suppose -3*q - 5*i + 337 = 0, -4*i + 25 = i. Calculate the remainder when q is divided by p.
51
Let j(m) = 63*m + 40. Suppose 48*d = 49*d - 156. What is the remainder when d is divided by j(0)?
36
Let c be 32/5 - 1 - 10/25. Suppose -t + 9 = y, -c*t - 3*y - 18 = -61. What is the remainder when ((-152)/80 + (-3)/(-2))*-195 is divided by t?
6
Calculate the remainder when 114 - 10 - 1*-1 is divided by ((-31)/124 - 34/8)*-6.
24
Let k(q) = 46*q - 36 - 3*q**2 - q**2 + 39. Calculate the remainder when k(11) is divided by (-3)/2*(-40)/6.
5
Let l = 128 - 123. Suppose 0 = -l*a - v + 50, -2*a - 10 = -3*a + 5*v. What is the remainder when 59 is divided by a?
9
Let n = -146 - -149. Suppose 2*l = -n*m + 19, -9*l + 5*m + 59 = -7*l. Calculate the remainder when 25 is divided by l.
8
Let a = -53 - -56. Suppose -6*q + 3*s = -7*q, a*q - 22 = 2*s. Suppose -118 = q*p - 7*p. Calculate the remainder when p is divided by 24.
22
Suppose -4*z + 773 = -51. Let x = 231 - z. Calculate the remainder when 35 is divided by x.
10
Suppose 44 = 4*h + 2*t, 37 = -8*h + 13*h - 2*t. Suppose h*b = 5*b + 52. Suppose 0 = 5*u - 0*u - 510. Calculate the remainder when u is divided by b.
11
Suppose -15*o + 11*o = 16. Suppose c - 20 = 5*z - 8, -36 = -5*c + z. Calculate the remainder when c is divided by 7 - -2 - o/(-2).
0
Let l(c) = -c**2 - 2*c + 3. Let m be l(-3). Suppose -7*w + 5*w + 24 = m. Let k(z) = z**3 + 3*z**2 - z + 4. Calculate the remainder when w is divided by k(-3).
5
Suppose -2*h = -2*s + 59220, 34628 = -9*s - 2*h + 301085. What is the remainder when s is divided by 126?
123
Suppose -452*b + 210 = -447*b. Calculate the remainder when 13*(b/(-18) + 2)*-15 is divided by 31.
3
Let i(g) = 5*g**2 + 29*g + 29. Calculate the remainder when 743 is divided by i(-10).
26
Let h be 325 - (-7 + 13)/(-3). Let g = 336 - h. Calculate the remainder when 430 is divided by g.
7
Let b = 265 - 144. Let w(k) = -k**3 + 5*k**2 - 9*k + 10. Let m be w(3). Calculate the remainder when b is divided by -7 + 7 + -1 - (m - 43).
39
Let h(g) = -81*g + 1. Let w(c) = -7 + 56*c + 11 - 57*c + 13. Calculate the remainder when h(-2) is divided by w(-24).
40
Let j = -185 + 161. What is the remainder when (-84)/9*(j + 6/2) is divided by 22?
20
Suppose -i + o + 12 = 5*o, 5*i = o + 18. Calculate the remainder when ((i + -2)*1)/((-4)/(-128)) is divided by 27.
10
Suppose 4*j - 2*h = 870 + 520, 0 = j + 2*h - 345. Suppose 26*b = 1083 + j. What is the remainder when b is divided by 17?
4
Suppose -122*v + 762 = -924 - 510. Calculate the remainder when 304 is divided by v.
16
Let c = -18589 + 18778. What is the remainder when 3211 is divided by c?
187
Let w = -832 - -787. Let x(i) = -i**3 + i**2 + 3*i - 7. Let s be x(5). Let m = w - s. Calculate the remainder when 140 is divided by m.
46
Let p(y) = 2*y**3 + 3*y**2 - 1. Let c = -4 + 24. Suppose w + c - 71 = 0. Calculate the remainder when w is divided by p(2).
24
What is the remainder when 605 is divided by 16/((-100)/(-120)*(-3)/(-5))?
29
Suppose 10*c - 72 - 6738 = 0. Let p(m) = 32*m - 999. What is the remainder when c is divided by p(33)?
54
Let p = -2410 + 3047. What is the remainder when p is divided by 303?
31
Let c(h) = 62*h - 5759. Calculate the remainder when 117 is divided by c(94)